{"id":12,"date":"2016-03-21T10:38:42","date_gmt":"2016-03-21T10:38:42","guid":{"rendered":"http:\/\/iriadacunha.com\/BBVA2015\/?page_id=12"},"modified":"2020-02-27T22:52:05","modified_gmt":"2020-02-27T22:52:05","slug":"objetivos-metodologia","status":"publish","type":"page","link":"https:\/\/iriadacunha.com\/FundacionBBVA2015\/es\/objetivos-metodologia\/","title":{"rendered":"Objetivos y metodolog\u00eda"},"content":{"rendered":"<p>El <strong>principal objetivo del proyecto<\/strong> es desarrollar un prototipo de sistema autom\u00e1tico de ayuda a la redacci\u00f3n de textos especializados en castellano de \u00e1mbitos relevantes en la sociedad espa\u00f1ola, dirigido tanto a estudiantes universitarios y a profesionales de estos \u00e1mbitos, como a ciudadanos en general. Los tres <strong>dominios<\/strong> que se han seleccionado son:<\/p>\n<ol>\n<li>dominio de la salud y la ciencia (espec\u00edficamente, el \u00e1mbito de la medicina),<\/li>\n<li>dominio jur\u00eddico-econ\u00f3mico (espec\u00edficamente, el \u00e1mbito de la administraci\u00f3n p\u00fablica),<\/li>\n<li>dominio de los servicios (espec\u00edficamente, el \u00e1mbito del turismo).<\/li>\n<\/ol>\n<p>Para lograr el objetivo principal, se han fijado <strong>tres objetivos espec\u00edficos<\/strong>:<\/p>\n<p>a. Para cada uno de los tres \u00e1mbitos analizados (medicina, administraci\u00f3n p\u00fablica y turismo), <strong>seleccionar los g\u00e9neros textuales cuya redacci\u00f3n conlleva una mayor problem\u00e1tica <\/strong>para estudiantes y profesionales de la sociedad espa\u00f1ola. En el \u00e1mbito de la administraci\u00f3n, se tiene en cuenta \u00fanicamente el colectivo de los ciudadanos, ya que estos son los que tienen m\u00e1s necesidades de elaboraci\u00f3n de textos dirigidos a la administraci\u00f3n p\u00fablica.<\/p>\n<p>b.<strong> Analizar las caracter\u00edsticas protot\u00edpicas de los g\u00e9neros textuales seleccionados desde diferentes planos ling\u00fc\u00edsticos<\/strong>, con el objetivo de integrarlas en unas especificaciones t\u00e9cnicas que gu\u00eden la implementaci\u00f3n del prototipo de sistema de redacci\u00f3n asistida.<\/p>\n<p>c. <strong>Integrar estas caracter\u00edsticas en un sistema inform\u00e1tico de redacci\u00f3n asistida<\/strong> que ayude al usuario a estructurar y a redactar adecuadamente estos g\u00e9neros textuales.<\/p>\n<table>\n<tbody>\n<tr>\n<td colspan=\"4\" width=\"576\">\n<p style=\"text-align: center;\">FASES DE TRABAJO<\/p>\n<\/td>\n<\/tr>\n<tr>\n<td width=\"144\">FASE 1<\/td>\n<td width=\"144\">FASE 2<\/td>\n<td width=\"144\">FASE 3<\/td>\n<td width=\"144\">FASE 4<\/td>\n<\/tr>\n<tr>\n<td width=\"144\">Selecci\u00f3n de los g\u00e9neros textuales de cada \u00e1mbito del proyecto (medicina, administraci\u00f3n p\u00fablica y turismo).<\/td>\n<td width=\"144\">An\u00e1lisis de las caracter\u00edsticas protot\u00edpicas de los g\u00e9neros seleccionados desde diferentes planos ling\u00fc\u00edsticos.<\/td>\n<td width=\"144\">Desarrollo de un sistema inform\u00e1tico de redacci\u00f3n asistida de los g\u00e9neros seleccionados.<\/p>\n<p>&nbsp;<\/td>\n<td width=\"144\">Difusi\u00f3n del sistema.<\/td>\n<\/tr>\n<\/tbody>\n<\/table>\n","protected":false},"excerpt":{"rendered":"<p>El principal objetivo del proyecto es desarrollar un prototipo de sistema autom\u00e1tico de ayuda a la redacci\u00f3n de textos especializados en castellano de \u00e1mbitos relevantes en la sociedad espa\u00f1ola, dirigido tanto a estudiantes universitarios y a profesionales de estos \u00e1mbitos, como a ciudadanos en general. Los tres dominios que se han seleccionado son: dominio de &hellip; <a href=\"https:\/\/iriadacunha.com\/FundacionBBVA2015\/es\/objetivos-metodologia\/\" class=\"more-link\">Seguir leyendo <span class=\"screen-reader-text\">Objetivos y metodolog\u00eda<\/span><\/a><\/p>\n","protected":false},"author":1,"featured_media":0,"parent":0,"menu_order":2,"comment_status":"closed","ping_status":"closed","template":"","meta":{"footnotes":""},"_links":{"self":[{"href":"https:\/\/iriadacunha.com\/FundacionBBVA2015\/wp-json\/wp\/v2\/pages\/12"}],"collection":[{"href":"https:\/\/iriadacunha.com\/FundacionBBVA2015\/wp-json\/wp\/v2\/pages"}],"about":[{"href":"https:\/\/iriadacunha.com\/FundacionBBVA2015\/wp-json\/wp\/v2\/types\/page"}],"author":[{"embeddable":true,"href":"https:\/\/iriadacunha.com\/FundacionBBVA2015\/wp-json\/wp\/v2\/users\/1"}],"replies":[{"embeddable":true,"href":"https:\/\/iriadacunha.com\/FundacionBBVA2015\/wp-json\/wp\/v2\/comments?post=12"}],"version-history":[{"count":21,"href":"https:\/\/iriadacunha.com\/FundacionBBVA2015\/wp-json\/wp\/v2\/pages\/12\/revisions"}],"predecessor-version":[{"id":802,"href":"https:\/\/iriadacunha.com\/FundacionBBVA2015\/wp-json\/wp\/v2\/pages\/12\/revisions\/802"}],"wp:attachment":[{"href":"https:\/\/iriadacunha.com\/FundacionBBVA2015\/wp-json\/wp\/v2\/media?parent=12"}],"curies":[{"name":"wp","href":"https:\/\/api.w.org\/{rel}","templated":true}]}}